{"id":13,"date":"2020-06-09T07:37:21","date_gmt":"2020-06-09T07:37:21","guid":{"rendered":"http:\/\/easyconferences.eu\/icalp2021\/?page_id=13"},"modified":"2021-01-13T15:32:57","modified_gmt":"2021-01-13T15:32:57","slug":"committees","status":"publish","type":"page","link":"https:\/\/easyconferences.eu\/icalp2021\/committees\/","title":{"rendered":"Committees"},"content":{"rendered":"<p>[et_pb_section fb_built=&#8221;1&#8243; _builder_version=&#8221;4.4.1&#8243; custom_padding=&#8221;||6px|||&#8221; min_height=&#8221;172px&#8221;][et_pb_row _builder_version=&#8221;4.4.1&#8243;][et_pb_column type=&#8221;4_4&#8243; _builder_version=&#8221;4.4.1&#8243;][et_pb_text _builder_version=&#8221;4.4.1&#8243; hover_enabled=&#8221;0&#8243;]<\/p>\n<h2 style=\"text-align: center;\"><span style=\"color: #008080;\"><strong>Program Committees<\/strong><\/span><\/h2>\n<p>[\/et_pb_text][et_pb_divider divider_weight=&#8221;5px&#8221; _builder_version=&#8221;4.4.1&#8243;][\/et_pb_divider][\/et_pb_column][\/et_pb_row][\/et_pb_section][et_pb_section fb_built=&#8221;1&#8243; _builder_version=&#8221;4.4.1&#8243;][et_pb_row column_structure=&#8221;1_2,1_2&#8243; _builder_version=&#8221;4.4.1&#8243; min_height=&#8221;1278px&#8221;][et_pb_column type=&#8221;1_2&#8243; _builder_version=&#8221;4.4.1&#8243;][et_pb_text _builder_version=&#8221;4.4.1&#8243;]<\/p>\n<h5>Track A: Algorithms, Complexity and Games<\/h5>\n<ul>\n<li>Nikhil Bansal (CWI Amsterdam, Netherlands), Chair<\/li>\n<li>Yossi Azar\u00a0 (Tel Aviv University, Israel)<\/li>\n<li>Luca Becchetti\u00a0 (Sapienza University of Rome, Italy)\u00a0 \u00a0 \u00a0 \u00a0<\/li>\n<li>Alexander Belov (University of Latvia, Latvia)<\/li>\n<li>Eric Blais (University of Waterloo, Canada)\u00a0 \u00a0 \u00a0 \u00a0 \u00a0 \u00a0 \u00a0<\/li>\n<li>Niv Buchbinder (Tel Aviv University, Israel)<\/li>\n<li>Kevin Buchin (TU Eindhoven, Netherlands)<\/li>\n<li>Parinya Chalermsook (Aalto University, Finland)\u00a0 \u00a0<\/li>\n<li>Vincent Cohen-Addad (Google Research, Switzerland)\u00a0 \u00a0 \u00a0<\/li>\n<li>Shahar Dobzinski\u00a0 (Weizmann Institute, Israel)<\/li>\n<li>Ran Duan (Tsinghua University, China)\u00a0 \u00a0<\/li>\n<li>Vida Dujmovic (University of Ottawa, Canada)<\/li>\n<li>Yuval Filmus\u00a0 (Technion, Israel)\u00a0 \u00a0 \u00a0 \u00a0 \u00a0 \u00a0 \u00a0 \u00a0<\/li>\n<li>Samuel Fiorini (Universit\u00e9 libre de Bruxelles, Belgium)\u00a0 \u00a0<\/li>\n<li>Andreas Galanis (University of Oxford, UK)\u00a0 \u00a0 \u00a0 \u00a0 \u00a0<\/li>\n<li>Mika G\u00f6\u00f6s (EPFL, Switzerland)\u00a0 \u00a0 \u00a0 \u00a0 \u00a0 \u00a0 \u00a0 \u00a0 \u00a0<\/li>\n<li>Inge Li G\u00f8rtz (TU Denmark, Denmark)<\/li>\n<li>Heng Guo (University of Edinburgh, UK)\u00a0 \u00a0<\/li>\n<li>Prahladh Harsha (TIFR, Mumbai, India)\u00a0 \u00a0 \u00a0 \u00a0 \u00a0 \u00a0 \u00a0 \u00a0 \u00a0 \u00a0 \u00a0 \u00a0 \u00a0 \u00a0 \u00a0 \u00a0 \u00a0<\/li>\n<li>Sungjin Im (UC Merced, USA)\u00a0 \u00a0 \u00a0 \u00a0<\/li>\n<li>Stacey Jeffery (CWI Amsterdam, Netherlands)\u00a0 \u00a0<\/li>\n<li>Iordanis Kerenidis (CNRS &#8211; Universit\u00e9 Paris Diderot, France)<\/li>\n<li>Michael Kapralov (EPFL, Switzerland)<\/li>\n<li>Ravi Kumar (Google Research, USA)\u00a0 \u00a0 \u00a0 \u00a0 \u00a0 \u00a0 \u00a0 \u00a0 \u00a0 \u00a0<\/li>\n<li>Stefan Kratsch (HU Berlin, Germany)\u00a0 \u00a0 \u00a0 \u00a0 \u00a0 \u00a0 \u00a0 \u00a0 \u00a0<\/li>\n<li>Silvio Lattanzi (Google Research, Switzerland)\u00a0 \u00a0 \u00a0 \u00a0 \u00a0 \u00a0 \u00a0 \u00a0 \u00a0 \u00a0<\/li>\n<li>Shi Li \u00a0(SUNY Buffalo, USA)\u00a0 \u00a0 \u00a0 \u00a0 \u00a0 \u00a0 \u00a0 \u00a0 \u00a0 \u00a0 \u00a0 \u00a0 \u00a0 \u00a0 \u00a0 \u00a0 \u00a0 \u00a0 \u00a0 \u00a0 \u00a0 \u00a0 \u00a0<\/li>\n<li>Konstantin Makarychev (Northwestern University, USA)<\/li>\n<li>Marcin Mucha (University of Warsaw, Poland)<\/li>\n<li>Wolfgang Mulzer (FU Berlin, Germany)\u00a0 \u00a0 \u00a0 \u00a0 \u00a0 \u00a0 \u00a0<\/li>\n<li>Jesper Nederlof (Utrecht University, Netherlands)\u00a0 \u00a0 \u00a0 \u00a0 \u00a0<\/li>\n<li>Aleksandar Nikolov (University of Toronto, Canada)\u00a0 \u00a0<\/li>\n<li>Neil Olver (LSE, UK)\u00a0 \u00a0 \u00a0 \u00a0 \u00a0 \u00a0<\/li>\n<li>Rasmus Pagh (IT University of Copenhagen, Denmark)<\/li>\n<li>Merav Parter (Weizmann Institute, Israel)<\/li>\n<li>Alexandros Psomas (Purdue University, USA)<\/li>\n<li>Barna Saha (UC Berkeley, USA)\u00a0 \u00a0 \u00a0 \u00a0 \u00a0 \u00a0 \u00a0 \u00a0 \u00a0 \u00a0 \u00a0 \u00a0 \u00a0 \u00a0 \u00a0 \u00a0 \u00a0 \u00a0 \u00a0 \u00a0 \u00a0 \u00a0 \u00a0 \u00a0 \u00a0 \u00a0<\/li>\n<li>Thatchaphol Saranurak\u00a0 (University of Michigan, USA)<\/li>\n<li>Rahul Savani \u00a0(University of Liverpool, UK)\u00a0 \u00a0<\/li>\n<li>Mohit Singh\u00a0 (Georgia Tech, USA)\u00a0 \u00a0<\/li>\n<li>Sahil Singla (IAS\/Princeton, USA)\u00a0 \u00a0 \u00a0 \u00a0 \u00a0<\/li>\n<li>Noah Stephens-Davidowitz (Cornell University, USA)<\/li>\n<li>L\u00e1szl\u00f3 V\u00e9gh\u00a0 (LSE, UK)\u00a0<\/li>\n<li>Meirav Zehavi (Ben-Gurion University, Israel)<\/li>\n<\/ul>\n<p>[\/et_pb_text][\/et_pb_column][et_pb_column type=&#8221;1_2&#8243; _builder_version=&#8221;4.4.1&#8243;][et_pb_text _builder_version=&#8221;4.4.1&#8243;]<\/p>\n<h5>Track B: Automata, Logic, Semantics, and Theory of Programming<\/h5>\n<ul>\n<li>James Worrell (University of Oxford, UK), Chair<\/li>\n<li>Parosh Aziz Abdulla (Uppsala University, Sweden)<\/li>\n<li>S. Akshay (Indian Institute of Technology Bombay, India)<\/li>\n<li>Nathalie Bertrand (Inria Rennes, France)<\/li>\n<li>Michael Blondin (Universit\u00e9 de Sherbrooke, Canada)<\/li>\n<li>Olivier Carton (IRIF, Universit\u00e9 de Paris, France)<\/li>\n<li>Corina C\u00eerstea (University of Southampton, UK)<\/li>\n<li>Dana Fisman (Ben Gurion University, Israel)<\/li>\n<li>Paul Gastin (LSV, ENS Paris-Saclay, France)<\/li>\n<li>Stefan G\u00f6ller (University of Kassel, Germany)<\/li>\n<li>Radha Jagadeesan (DePaul University Chicago, USA)<\/li>\n<li>Bakhadyr Khoussainov (University of Auckland, New Zealand)<\/li>\n<li>Emanuel Kieronski (Wroclaw University, Poland)<\/li>\n<li>Bartek Klin (Warsaw University, Poland)<\/li>\n<li>Barbara K\u00f6nig (University of Duisburg-Essen, Germany)<\/li>\n<li>Laura Kovacs (Vienna University of Technology, Austria)<\/li>\n<li>Ugo Dal Lago (University of Bologna and Inria, Italy)<\/li>\n<li>Christoph L\u00f6ding (RWTH Aachen University, Germany)<\/li>\n<li>Madhavan Mukund (Chennai Mathematical Institute, India)<\/li>\n<li>Sebastian Maneth (University of Bremen, Germany)<\/li>\n<li>Richard Mayr (University of Edinburgh, UK)<\/li>\n<li>Annabelle McIver (Macquarie University, Australia)<\/li>\n<li>Sophie Pinchinat (IRISA, Universit\u00e9 de Rennes, France)<\/li>\n<li>Cristian Riveros (Pontificia Universidad Cat\u00f3lica de Chile, Chile)<\/li>\n<li>Davide Sangiorgi (University of Bologna and Inria, Italy)<\/li>\n<li>Lijun Zhang (Institute of Software, Chinese Academy of Sciences, China)<\/li>\n<\/ul>\n<p>[\/et_pb_text][\/et_pb_column][\/et_pb_row][\/et_pb_section][et_pb_section fb_built=&#8221;1&#8243; _builder_version=&#8221;4.4.1&#8243; background_color=&#8221;#ffffff&#8221; custom_padding=&#8221;3px|||||&#8221;][et_pb_row _builder_version=&#8221;4.4.1&#8243;][et_pb_column type=&#8221;4_4&#8243; _builder_version=&#8221;4.4.1&#8243;][et_pb_text _builder_version=&#8221;4.4.1&#8243; hover_enabled=&#8221;0&#8243;]<\/p>\n<h2 style=\"text-align: center;\"><span style=\"color: #008080;\"><strong>Local Organising Committee<\/strong><\/span><\/h2>\n<p>[\/et_pb_text][\/et_pb_column][\/et_pb_row][et_pb_row column_structure=&#8221;1_4,1_4,1_4,1_4&#8243; _builder_version=&#8221;4.4.1&#8243;][et_pb_column type=&#8221;1_4&#8243; _builder_version=&#8221;4.4.1&#8243;][et_pb_image src=&#8221;http:\/\/easyconferences.eu\/icalp2021\/wp-content\/uploads\/2020\/06\/simon_Edit.png&#8221; url=&#8221;http:\/\/www.dcs.gla.ac.uk\/~simon\/%20&#8243; url_new_window=&#8221;on&#8221; align=&#8221;center&#8221; _builder_version=&#8221;4.4.1&#8243; animation_style=&#8221;fade&#8221;][\/et_pb_image][et_pb_text _builder_version=&#8221;4.4.1&#8243;]<\/p>\n<h4 style=\"text-align: center;\"><a href=\"http:\/\/www.dcs.gla.ac.uk\/~simon\/\">Prof. Simon Gay<\/a><\/h4>\n<p style=\"text-align: center;\">General Chair<\/p>\n<p>[\/et_pb_text][\/et_pb_column][et_pb_column type=&#8221;1_4&#8243; _builder_version=&#8221;4.4.1&#8243;][et_pb_image src=&#8221;http:\/\/easyconferences.eu\/icalp2021\/wp-content\/uploads\/2020\/06\/ornela_edit.png&#8221; url=&#8221;http:\/\/www.dcs.gla.ac.uk\/~ornela\/&#8221; url_new_window=&#8221;on&#8221; align=&#8221;center&#8221; _builder_version=&#8221;4.4.1&#8243; animation_style=&#8221;fade&#8221;][\/et_pb_image][et_pb_text _builder_version=&#8221;4.4.1&#8243;]<\/p>\n<h4 style=\"text-align: center;\"><a href=\"http:\/\/www.dcs.gla.ac.uk\/~ornela\">Dr Ornela Dardha<\/a><\/h4>\n<p style=\"text-align: center;\">Workshop Chair<\/p>\n<p>[\/et_pb_text][\/et_pb_column][et_pb_column type=&#8221;1_4&#8243; _builder_version=&#8221;4.4.1&#8243;][et_pb_image src=&#8221;http:\/\/easyconferences.eu\/icalp2021\/wp-content\/uploads\/2020\/06\/Gethin_edit.png&#8221; url=&#8221;http:\/\/www.dcs.gla.ac.uk\/~gethin\/&#8221; url_new_window=&#8221;on&#8221; align=&#8221;center&#8221; _builder_version=&#8221;4.4.1&#8243; animation_style=&#8221;fade&#8221;][\/et_pb_image][et_pb_text _builder_version=&#8221;4.4.1&#8243;]<\/p>\n<h4 style=\"text-align: center;\"><a href=\"http:\/\/www.dcs.gla.ac.uk\/~gethin\">Dr Gethin Norman<\/a><\/h4>\n<p style=\"text-align: center;\">Workshop Chair<\/p>\n<p>[\/et_pb_text][\/et_pb_column][et_pb_column type=&#8221;1_4&#8243; _builder_version=&#8221;4.4.1&#8243;][et_pb_image src=&#8221;http:\/\/easyconferences.eu\/icalp2021\/wp-content\/uploads\/2020\/09\/oana_sept2020_square_200.jpeg&#8221; url=&#8221;http:\/\/www.dcs.gla.ac.uk\/~oandrei\/&#8221; url_new_window=&#8221;on&#8221; align=&#8221;center&#8221; _builder_version=&#8221;4.4.1&#8243; animation_style=&#8221;fade&#8221;][\/et_pb_image][et_pb_text _builder_version=&#8221;4.4.1&#8243;]<\/p>\n<h4 style=\"text-align: center;\"><a href=\"http:\/\/www.dcs.gla.ac.uk\/~oandrei\">Dr Oana Andrei<\/a><\/h4>\n<p style=\"text-align: center;\">Publicity Chair<\/p>\n<p>[\/et_pb_text][\/et_pb_column][\/et_pb_row][et_pb_row column_structure=&#8221;1_4,1_4,1_4,1_4&#8243; _builder_version=&#8221;4.4.1&#8243;][et_pb_column type=&#8221;1_4&#8243; _builder_version=&#8221;4.4.1&#8243;][et_pb_image src=&#8221;http:\/\/easyconferences.eu\/icalp2021\/wp-content\/uploads\/2020\/06\/michele_edit.png&#8221; url=&#8221;http:\/\/www.dcs.gla.ac.uk\/~michele\/&#8221; url_new_window=&#8221;on&#8221; align=&#8221;center&#8221; _builder_version=&#8221;4.4.1&#8243; width=&#8221;100%&#8221; module_alignment=&#8221;center&#8221; animation_style=&#8221;fade&#8221;][\/et_pb_image][et_pb_text _builder_version=&#8221;4.4.1&#8243;]<\/p>\n<h4 style=\"text-align: center;\"><a href=\"http:\/\/www.dcs.gla.ac.uk\/~michele\">Dr Michele Sevegnani<\/a><\/h4>\n<p style=\"text-align: center;\">Publicity Chair<\/p>\n<p>[\/et_pb_text][\/et_pb_column][et_pb_column type=&#8221;1_4&#8243; _builder_version=&#8221;4.4.1&#8243;][et_pb_image src=&#8221;http:\/\/easyconferences.eu\/icalp2021\/wp-content\/uploads\/2020\/06\/jess_edit.png&#8221; url=&#8221;https:\/\/www.gla.ac.uk\/schools\/computing\/staff\/jessicaenright\/&#8221; url_new_window=&#8221;on&#8221; align=&#8221;center&#8221; _builder_version=&#8221;4.4.1&#8243; animation_style=&#8221;fade&#8221;][\/et_pb_image][et_pb_text _builder_version=&#8221;4.4.1&#8243;]<\/p>\n<h4 style=\"text-align: center;\"><a href=\"https:\/\/www.gla.ac.uk\/schools\/computing\/staff\/jessicaenright\">Dr Jess Enright<\/a><\/h4>\n<p style=\"text-align: center;\">Volunteers Chair<\/p>\n<p>[\/et_pb_text][\/et_pb_column][et_pb_column type=&#8221;1_4&#8243; _builder_version=&#8221;4.4.1&#8243;][et_pb_image src=&#8221;http:\/\/easyconferences.eu\/icalp2021\/wp-content\/uploads\/2020\/06\/Sofiat_edit.png&#8221; url=&#8221;http:\/\/www.dcs.gla.ac.uk\/~sofiat\/&#8221; url_new_window=&#8221;on&#8221; align=&#8221;center&#8221; _builder_version=&#8221;4.4.1&#8243; animation_style=&#8221;fade&#8221;][\/et_pb_image][et_pb_text _builder_version=&#8221;4.4.1&#8243;]<\/p>\n<h4 style=\"text-align: center;\"><a href=\"http:\/\/www.dcs.gla.ac.uk\/~sofiat\/\">Dr Sofiat Olaosebikan<\/a><\/h4>\n<p style=\"text-align: center;\">Volunteers Chair<\/p>\n<p>[\/et_pb_text][\/et_pb_column][et_pb_column type=&#8221;1_4&#8243; _builder_version=&#8221;4.4.1&#8243;][et_pb_image src=&#8221;http:\/\/easyconferences.eu\/icalp2021\/wp-content\/uploads\/2020\/06\/david_edit.png&#8221; url=&#8221;http:\/\/www.dcs.gla.ac.uk\/~davidm\/&#8221; url_new_window=&#8221;on&#8221; align=&#8221;center&#8221; _builder_version=&#8221;4.4.1&#8243; animation_style=&#8221;fade&#8221;][\/et_pb_image][et_pb_text _builder_version=&#8221;4.4.1&#8243;]<\/p>\n<h4 style=\"text-align: center;\"><a href=\"http:\/\/www.dcs.gla.ac.uk\/~davidm\/\">Prof. David Manlove<\/a><\/h4>\n<p style=\"text-align: center;\">Local Arrangements<\/p>\n<p>[\/et_pb_text][\/et_pb_column][\/et_pb_row][et_pb_row column_structure=&#8221;1_4,1_4,1_4,1_4&#8243; _builder_version=&#8221;4.4.1&#8243;][et_pb_column type=&#8221;1_4&#8243; _builder_version=&#8221;4.4.1&#8243;][et_pb_image src=&#8221;http:\/\/easyconferences.eu\/icalp2021\/wp-content\/uploads\/2020\/06\/edit_kitty.png&#8221; url=&#8221;http:\/\/www.dcs.gla.ac.uk\/~kitty\/%20&#8243; url_new_window=&#8221;on&#8221; align=&#8221;center&#8221; _builder_version=&#8221;4.4.1&#8243; width=&#8221;100%&#8221; module_alignment=&#8221;center&#8221; animation_style=&#8221;fade&#8221;][\/et_pb_image][et_pb_text _builder_version=&#8221;4.4.1&#8243;]<\/p>\n<h4 style=\"text-align: center;\"><a href=\"http:\/\/www.dcs.gla.ac.uk\/~kitty\/\">Dr Kitty Meeks<\/a><\/h4>\n<p style=\"text-align: center;\">Local Arrangements<\/p>\n<p>[\/et_pb_text][\/et_pb_column][et_pb_column type=&#8221;1_4&#8243; _builder_version=&#8221;4.4.1&#8243;][et_pb_image src=&#8221;http:\/\/easyconferences.eu\/icalp2021\/wp-content\/uploads\/2020\/06\/alice_edit.png&#8221; url=&#8221;http:\/\/www.dcs.gla.ac.uk\/~alice\/&#8221; url_new_window=&#8221;on&#8221; align=&#8221;center&#8221; _builder_version=&#8221;4.4.1&#8243; animation_style=&#8221;fade&#8221;][\/et_pb_image][et_pb_text _builder_version=&#8221;4.4.1&#8243;]<\/p>\n<h4 style=\"text-align: center;\"><a href=\"http:\/\/www.dcs.gla.ac.uk\/~alice\/\">Prof. Alice Miller<\/a><\/h4>\n<p style=\"text-align: center;\">Local Arrangements<\/p>\n<p>[\/et_pb_text][\/et_pb_column][et_pb_column type=&#8221;1_4&#8243; _builder_version=&#8221;4.4.1&#8243;][\/et_pb_column][et_pb_column type=&#8221;1_4&#8243; _builder_version=&#8221;4.4.1&#8243;][\/et_pb_column][\/et_pb_row][\/et_pb_section]<\/p>\n","protected":false},"excerpt":{"rendered":"<p>Program CommitteesTrack A: Algorithms, Complexity and Games Nikhil Bansal (CWI Amsterdam, Netherlands), Chair Yossi Azar\u00a0 (Tel Aviv University, Israel) Luca Becchetti\u00a0 (Sapienza University of Rome, Italy)\u00a0 \u00a0 \u00a0 \u00a0 Alexander Belov (University of Latvia, Latvia) Eric Blais (University of Waterloo, Canada)\u00a0 \u00a0 \u00a0 \u00a0 \u00a0 \u00a0 \u00a0 Niv Buchbinder (Tel Aviv University, Israel) Kevin Buchin [&hellip;]<\/p>\n","protected":false},"author":1,"featured_media":0,"parent":0,"menu_order":0,"comment_status":"closed","ping_status":"closed","template":"","meta":{"_et_pb_use_builder":"on","_et_pb_old_content":"<!-- wp:divi\/placeholder \/-->","_et_gb_content_width":""},"_links":{"self":[{"href":"https:\/\/easyconferences.eu\/icalp2021\/wp-json\/wp\/v2\/pages\/13"}],"collection":[{"href":"https:\/\/easyconferences.eu\/icalp2021\/wp-json\/wp\/v2\/pages"}],"about":[{"href":"https:\/\/easyconferences.eu\/icalp2021\/wp-json\/wp\/v2\/types\/page"}],"author":[{"embeddable":true,"href":"https:\/\/easyconferences.eu\/icalp2021\/wp-json\/wp\/v2\/users\/1"}],"replies":[{"embeddable":true,"href":"https:\/\/easyconferences.eu\/icalp2021\/wp-json\/wp\/v2\/comments?post=13"}],"version-history":[{"count":12,"href":"https:\/\/easyconferences.eu\/icalp2021\/wp-json\/wp\/v2\/pages\/13\/revisions"}],"predecessor-version":[{"id":375,"href":"https:\/\/easyconferences.eu\/icalp2021\/wp-json\/wp\/v2\/pages\/13\/revisions\/375"}],"wp:attachment":[{"href":"https:\/\/easyconferences.eu\/icalp2021\/wp-json\/wp\/v2\/media?parent=13"}],"curies":[{"name":"wp","href":"https:\/\/api.w.org\/{rel}","templated":true}]}}