{"id":18,"date":"2019-12-13T07:18:53","date_gmt":"2019-12-13T07:18:53","guid":{"rendered":"http:\/\/easyconferences.eu\/imbsa2020\/?page_id=18"},"modified":"2020-09-15T07:28:35","modified_gmt":"2020-09-15T07:28:35","slug":"program","status":"publish","type":"page","link":"https:\/\/easyconferences.eu\/imbsa2020\/program\/","title":{"rendered":"Program"},"content":{"rendered":"<p>[et_pb_section fb_built=&#8221;1&#8243; next_background_color=&#8221;#ffffff&#8221; _builder_version=&#8221;4.0.7&#8243; background_image=&#8221;http:\/\/easyconferences.eu\/imbsa2020\/wp-content\/uploads\/2019\/12\/tour_img-1187177-148.jpg&#8221; min_height=&#8221;234px&#8221; bottom_divider_style=&#8221;arrow2&#8243;][\/et_pb_section][et_pb_section fb_built=&#8221;1&#8243; _builder_version=&#8221;4.0.7&#8243; custom_padding=&#8221;16px|||||&#8221;][et_pb_row _builder_version=&#8221;4.0.7&#8243; custom_padding=&#8221;0px|||||&#8221;][et_pb_column type=&#8221;4_4&#8243; _builder_version=&#8221;4.0.7&#8243;][et_pb_text _builder_version=&#8221;4.0.7&#8243; custom_margin=&#8221;18px|||||&#8221;]<\/p>\n<h1 style=\"text-align: center;\">Program <\/h1>\n<p>[\/et_pb_text][et_pb_text _builder_version=&#8221;4.0.7&#8243;]<\/p>\n<h3 style=\"text-align: center;\"><span style=\"color: #003366;\">All times depicted below are in Central European Summer Time (CEST)\u00a0<\/span><\/h3>\n<p>[\/et_pb_text][et_pb_divider _builder_version=&#8221;4.0.7&#8243;][\/et_pb_divider][\/et_pb_column][\/et_pb_row][et_pb_row column_structure=&#8221;1_3,1_3,1_3&#8243; _builder_version=&#8221;4.0.7&#8243;][et_pb_column type=&#8221;1_3&#8243; _builder_version=&#8221;4.0.7&#8243;][et_pb_button button_url=&#8221;#monday&#8221; button_text=&#8221;Monday, 14th September&#8221; button_alignment=&#8221;center&#8221; _builder_version=&#8221;4.0.7&#8243; custom_button=&#8221;on&#8221; button_text_size=&#8221;19px&#8221; button_text_color=&#8221;#ffffff&#8221; button_bg_color=&#8221;#0c71c3&#8243; button_border_width=&#8221;0px&#8221; button_border_color=&#8221;#ffffff&#8221; custom_css_main_element=&#8221;min-width:100%;&#8221;][\/et_pb_button][\/et_pb_column][et_pb_column type=&#8221;1_3&#8243; _builder_version=&#8221;4.0.7&#8243;][et_pb_button button_url=&#8221;#tuesday&#8221; button_text=&#8221;Tuesday, 15th September&#8221; button_alignment=&#8221;center&#8221; _builder_version=&#8221;4.0.7&#8243; custom_button=&#8221;on&#8221; button_text_size=&#8221;19px&#8221; button_text_color=&#8221;#ffffff&#8221; button_bg_color=&#8221;#0c71c3&#8243; button_border_width=&#8221;0px&#8221; button_border_color=&#8221;#ffffff&#8221; custom_css_main_element=&#8221;min-width:100%;&#8221;][\/et_pb_button][\/et_pb_column][et_pb_column type=&#8221;1_3&#8243; _builder_version=&#8221;4.0.7&#8243;][et_pb_button button_url=&#8221;#wednesday&#8221; button_text=&#8221;Wednesday, 16th September&#8221; button_alignment=&#8221;center&#8221; _builder_version=&#8221;4.0.7&#8243; custom_button=&#8221;on&#8221; button_text_size=&#8221;19px&#8221; button_text_color=&#8221;#ffffff&#8221; button_bg_color=&#8221;#0c71c3&#8243; button_border_width=&#8221;0px&#8221; button_border_color=&#8221;#ffffff&#8221; custom_css_main_element=&#8221;min-width:100%;&#8221;][\/et_pb_button][\/et_pb_column][\/et_pb_row][et_pb_row _builder_version=&#8221;4.0.7&#8243; custom_margin=&#8221;|||auto|false|false&#8221;][et_pb_column type=&#8221;4_4&#8243; _builder_version=&#8221;4.0.7&#8243;][et_pb_text module_id=&#8221;monday&#8221; _builder_version=&#8221;4.0.7&#8243;]<\/p>\n<h2 style=\"text-align: center;\">Monday, 14th September<\/h2>\n<p>[\/et_pb_text][et_pb_code _builder_version=&#8221;4.0.7&#8243; hover_enabled=&#8221;0&#8243;]\t\t<\/p>\n<table><!-- [et_pb_line_break_holder] --><\/p>\n<tbody><!-- [et_pb_line_break_holder] --><\/p>\n<tr><!-- [et_pb_line_break_holder] -->  <\/p>\n<td>12:30 &#8211; 13:00<\/td>\n<p><!-- [et_pb_line_break_holder] -->  <\/p>\n<td style=\"background-color: #fadbd8;\" align=\"center\"><strong>Welcome Note<\/strong><!\u2013- [et_pb_br_holder] -\u2013><!-- [et_pb_line_break_holder] -->    Kai H\u00f6fig and Marc Zeller<\/td>\n<p><!-- [et_pb_line_break_holder] --><\/tr>\n<p><!-- [et_pb_line_break_holder] --><\/p>\n<tr><!-- [et_pb_line_break_holder] -->  <\/p>\n<td>13:00 &#8211; 14:00<\/td>\n<p><!-- [et_pb_line_break_holder] -->  <\/p>\n<td style=\"background-color: #DCD987\" align=\"center\"><pee><strong>IMBSA Keynote Talk<\/strong><!\u2013- [et_pb_br_holder] -\u2013><!-- [et_pb_line_break_holder] -->      <strong>(joint session with  <a href=\"http:\/\/safecomp2020.di.fc.ul.pt\/\" target=\"_blank\" rel=\"noopener noreferrer\">SafeComp 2020<\/a>)<\/strong> <!\u2013- [et_pb_br_holder] -\u2013>    <!-- [et_pb_line_break_holder] -->    &#8220;Why models really matter for safety assurance&#8221;<!\u2013- [et_pb_br_holder] -\u2013><!-- [et_pb_line_break_holder] -->      Prof. Mario Trapp<Br><!-- [et_pb_line_break_holder] -->    <a href=\"http:\/\/easyconferences.eu\/imbsa2020\/wp-content\/uploads\/2020\/09\/2020_09_14_IMBSA_Trapp_print.pdf\" target=\"_blank\" rel=\"noopener noreferrer\">Download the presentation slides<\/a><!-- [et_pb_line_break_holder] -->    <\/pee><\/td>\n<p><!-- [et_pb_line_break_holder] --><\/tr>\n<p><!-- [et_pb_line_break_holder] --><\/p>\n<tr><!-- [et_pb_line_break_holder] -->  <\/p>\n<td>14:00 &#8211; 14:15<\/td>\n<p><!-- [et_pb_line_break_holder] -->  <\/p>\n<td style=\"background-color: #d6dbdf;\" align=\"center\">Break<\/td>\n<p><!-- [et_pb_line_break_holder] --><\/tr>\n<p><!-- [et_pb_line_break_holder] --><\/p>\n<tr><!-- [et_pb_line_break_holder] --><\/p>\n<td width=\"83\">14:15 &#8211; 16:15<\/td>\n<p><!-- [et_pb_line_break_holder] --><\/p>\n<td style=\"background-color: #a9dfbf;\" align=\"center\" width=\"540\"><strong>Tool Demo Session<!\u2013- [et_pb_br_holder] -\u2013><!-- [et_pb_line_break_holder] -->  (joint session with <a href=\"http:\/\/safecomp2020.di.fc.ul.pt\/\" target=\"_blank\" rel=\"noopener noreferrer\">SafeComp 2020<\/a>)<!\u2013- [et_pb_br_holder] -\u2013><!-- [et_pb_line_break_holder] -->  <\/strong>Chair: Marco Bozzano<\/td>\n<p><!-- [et_pb_line_break_holder] --><\/tr>\n<p><!-- [et_pb_line_break_holder] --><\/p>\n<tr><!-- [et_pb_line_break_holder] --><\/p>\n<td>14:15 &#8211; 14:45 <\/td>\n<p><!-- [et_pb_line_break_holder] --><\/p>\n<td align=\"center\" style=\"background-color: #eafaf1;\"><strong>&#8220;Generative engineering for safety-critical system design&#8221;<\/strong><!\u2013- [et_pb_br_holder] -\u2013><!-- [et_pb_line_break_holder] -->  Amr Hany Saleh, Jonathan Menu, Johan Vanhuyse and Mike Nicolai<\/td>\n<p><!-- [et_pb_line_break_holder] --><\/tr>\n<p><!-- [et_pb_line_break_holder] --><\/p>\n<tr><!-- [et_pb_line_break_holder] -->  <\/p>\n<td>14:45 &#8211; 15:15<\/td>\n<p><!-- [et_pb_line_break_holder] -->  <\/p>\n<td align=\"center\" style=\"background-color: #eafaf1;\"><strong>&#8220;Modelwise Paitron \u2013 A tool for automated FMEA&#8221;<\/strong><!\u2013- [et_pb_br_holder] -\u2013><!-- [et_pb_line_break_holder] -->    Florian Grigoleit, Arnold Bitner and Iliya Valchev<\/td>\n<p><!-- [et_pb_line_break_holder] --><\/tr>\n<p><!-- [et_pb_line_break_holder] --><\/p>\n<tr><!-- [et_pb_line_break_holder] -->  <\/p>\n<td>15:15 &#8211; 15:45<\/td>\n<p><!-- [et_pb_line_break_holder] -->  <\/p>\n<td align=\"center\" style=\"background-color: #eafaf1;\"><strong>&#8220;An Eclipse Epsilon-Based Safety Engineering Tool Framework for the Creation, Integration and Validation of Digital Dependability Identities&#8221;<\/strong><!\u2013- [et_pb_br_holder] -\u2013><!-- [et_pb_line_break_holder] -->    Jan Reich, Ioannis Sorokos and Marc Zeller<\/td>\n<p><!-- [et_pb_line_break_holder] --><\/tr>\n<p><!-- [et_pb_line_break_holder] --><\/p>\n<tr><!-- [et_pb_line_break_holder] -->  <\/p>\n<td>15:45 &#8211; 16:15<\/td>\n<p><!-- [et_pb_line_break_holder] -->  <\/p>\n<td align=\"center\" style=\"background-color: #eafaf1;\"><strong>&#8220;Lowering Barriers for Applying Model-based FMEA \u2013 Results of the qSafe Project&#8221;<\/strong><!\u2013- [et_pb_br_holder] -\u2013><!-- [et_pb_line_break_holder] -->    Florian Grigoleit, Peter Struss, Jana von Wedel, Markus Heine and Julian Rhein<\/td>\n<p><!-- [et_pb_line_break_holder] --><\/tr>\n<p><!-- [et_pb_line_break_holder] -->\t<\/p>\n<tr><!-- [et_pb_line_break_holder] -->\t  <\/p>\n<td>16:15 &#8211; 16:30<\/td>\n<p><!-- [et_pb_line_break_holder] -->\t  <\/p>\n<td style=\"background-color: #d6dbdf;\" align=\"center\">Break<\/td>\n<p><!-- [et_pb_line_break_holder] -->    <\/tr>\n<p><!-- [et_pb_line_break_holder] -->\t<!-- [et_pb_line_break_holder] --><\/p>\n<tr><!-- [et_pb_line_break_holder] -->  <\/p>\n<td width=\"83\">16:30 &#8211; 18:30<\/td>\n<p><!-- [et_pb_line_break_holder] -->  <\/p>\n<td style=\"background-color: #F9C8B2\" align=\"center\" width=\"540\"><strong>Paper Session 1<!\u2013- [et_pb_br_holder] -\u2013><!-- [et_pb_line_break_holder] -->    <\/strong>Chair: Marc Zeller <\/td>\n<p><!-- [et_pb_line_break_holder] --><\/tr>\n<p><!-- [et_pb_line_break_holder] --><\/p>\n<tr><!-- [et_pb_line_break_holder] --><\/p>\n<td>16:30 &#8211; 17:00<\/td>\n<p><!-- [et_pb_line_break_holder] --><\/p>\n<td align=\"center\" style=\"background-color: #F9E0CF;\"><strong>&#8220;Argument-Driven Safety Engineering of a Generic Infusion Pump with Digital De-pendability Identities&#8221;<\/strong><!\u2013- [et_pb_br_holder] -\u2013><!-- [et_pb_line_break_holder] -->  Jan Reich, Joshua Frey, Emilia Cioroaica, Marc Zeller and Martin Rothfelder<\/td>\n<p><!-- [et_pb_line_break_holder] --><\/tr>\n<p><!-- [et_pb_line_break_holder] --><\/p>\n<tr><!-- [et_pb_line_break_holder] -->  <\/p>\n<td>17:00 &#8211; 17:30<\/td>\n<p><!-- [et_pb_line_break_holder] -->  <\/p>\n<td align=\"center\" style=\"background-color: #F9E0CF;\"><strong>&#8220;Model-based Risk Analysis for an Open Source PCA Pump using the AADL Error Modeling Annex&#8221;<\/strong><!\u2013- [et_pb_br_holder] -\u2013><!-- [et_pb_line_break_holder] -->    Hariharan Thiagarajan, Brian Larson, John Hatcliff and Yi Zhang<\/td>\n<p><!-- [et_pb_line_break_holder] --><\/tr>\n<p><!-- [et_pb_line_break_holder] --><\/p>\n<tr><!-- [et_pb_line_break_holder] -->  <\/p>\n<td>17:30 &#8211; 18:00<\/td>\n<p><!-- [et_pb_line_break_holder] -->  <\/p>\n<td align=\"center\" style=\"background-color: #F9E0CF;\"><strong>&#8220;A Systematic Approach to Analyzing Perception Architectures in Autonomous Vehicles&#8221;<\/strong><!\u2013- [et_pb_br_holder] -\u2013><!-- [et_pb_line_break_holder] -->    Iwo Kurzidem, Ahmad Saad and Philipp Schleiss<\/td>\n<p><!-- [et_pb_line_break_holder] --><\/tr>\n<p><!-- [et_pb_line_break_holder] --><\/p>\n<tr><!-- [et_pb_line_break_holder] -->  <\/p>\n<td>18:00 &#8211; 18:30<\/td>\n<p><!-- [et_pb_line_break_holder] -->  <\/p>\n<td align=\"center\" style=\"background-color: #F9E0CF;\"><strong>&#8220;An integrated approach to support the process-based certification of variant-intensive systems&#8221;<\/strong><!\u2013- [et_pb_br_holder] -\u2013><!-- [et_pb_line_break_holder] -->    Lucas Bressan, Andr\u00e9 Luiz de Oliveira, Yiannis Papadopoulos and David Parker<\/td>\n<p><!-- [et_pb_line_break_holder] --><\/tr>\n<p><!-- [et_pb_line_break_holder] --><!-- [et_pb_line_break_holder] --><!-- [et_pb_line_break_holder] --><\/tbody>\n<p><!-- [et_pb_line_break_holder] --><\/table>\n<p>[\/et_pb_code][\/et_pb_column][\/et_pb_row][et_pb_row _builder_version=&#8221;4.0.7&#8243;][et_pb_column type=&#8221;4_4&#8243; _builder_version=&#8221;4.0.7&#8243;][et_pb_text module_id=&#8221;tuesday&#8221; _builder_version=&#8221;4.0.7&#8243;]<\/p>\n<h2 style=\"text-align: center;\">Tuesday, 15th September<\/h2>\n<p>[\/et_pb_text][et_pb_code _builder_version=&#8221;4.0.7&#8243;]\t<\/p>\n<table><!-- [et_pb_line_break_holder] --><\/p>\n<tbody><!-- [et_pb_line_break_holder] --><\/p>\n<tr><!-- [et_pb_line_break_holder] -->  <\/p>\n<td>13:00 &#8211; 14:00<\/td>\n<p><!-- [et_pb_line_break_holder] -->  <\/p>\n<td style=\"background-color: #DCD987\" align=\"center\"><pee><strong>IMBSA Keynote Talk<\/strong><!\u2013- [et_pb_br_holder] -\u2013>    <!-- [et_pb_line_break_holder] -->    &#8220;How Rolls-Royce takes off into electrical propulsion&#8221;<!\u2013- [et_pb_br_holder] -\u2013><!-- [et_pb_line_break_holder] -->      Maria Kimmerle<\/pee><\/td>\n<p><!-- [et_pb_line_break_holder] --><\/tr>\n<p><!-- [et_pb_line_break_holder] --><\/p>\n<tr><!-- [et_pb_line_break_holder] -->  <\/p>\n<td>14:00 &#8211; 14:15<\/td>\n<p><!-- [et_pb_line_break_holder] -->  <\/p>\n<td style=\"background-color: #d6dbdf;\" align=\"center\">Break<\/td>\n<p><!-- [et_pb_line_break_holder] --><\/tr>\n<p><!-- [et_pb_line_break_holder] --><\/p>\n<tr><!-- [et_pb_line_break_holder] --><\/p>\n<td width=\"83\">14:15 &#8211; 15:45<\/td>\n<p><!-- [et_pb_line_break_holder] --><\/p>\n<td style=\"background-color: #a9dfbf;\" align=\"center\" width=\"540\"><strong>Best Paper Award Session<!\u2013- [et_pb_br_holder] -\u2013><!-- [et_pb_line_break_holder] --><\/strong>Chair: Antoine Rauzy<!-- [et_pb_line_break_holder] --><\/td>\n<p><!-- [et_pb_line_break_holder] --><\/tr>\n<p><!-- [et_pb_line_break_holder] --><\/p>\n<tr><!-- [et_pb_line_break_holder] --><\/p>\n<td>14:15 &#8211; 14:45 <\/td>\n<p><!-- [et_pb_line_break_holder] --><\/p>\n<td align=\"center\" style=\"background-color: #eafaf1;\"><strong>&#8220;Identification and Quantification of Hazardous Scenarios for Automated Driving&#8221;<\/strong><!\u2013- [et_pb_br_holder] -\u2013><!-- [et_pb_line_break_holder] -->  Birte Kramer, Christian Neurohr, Matthias B\u00fcker, Eckard B\u00f6de, Martin Fr\u00e4nzle and Werner Damm<\/td>\n<p><!-- [et_pb_line_break_holder] --><\/tr>\n<p><!-- [et_pb_line_break_holder] --><\/p>\n<tr><!-- [et_pb_line_break_holder] -->  <\/p>\n<td>14:45 &#8211; 15:15<\/td>\n<p><!-- [et_pb_line_break_holder] -->  <\/p>\n<td align=\"center\" style=\"background-color: #eafaf1;\"><strong>&#8220;A Visual Notation for the Representation of Assurance Cases using SACM&#8221;<\/strong><!\u2013- [et_pb_br_holder] -\u2013><!-- [et_pb_line_break_holder] -->    Nungki Selviandro, Richard Hawkins and Ibrahim Habli<\/td>\n<p><!-- [et_pb_line_break_holder] --><\/tr>\n<p><!-- [et_pb_line_break_holder] --><\/p>\n<tr><!-- [et_pb_line_break_holder] -->  <\/p>\n<td>15:15 &#8211; 15:45<\/td>\n<p><!-- [et_pb_line_break_holder] -->  <\/p>\n<td align=\"center\" style=\"background-color: #eafaf1;\"><strong>&#8220;SafeML: Safety Monitoring of Machine Learning Classifiers through Statistical Difference Measures&#8221;<\/strong><!\u2013- [et_pb_br_holder] -\u2013><!-- [et_pb_line_break_holder] -->    Koorosh Aslansefat, Ioannis Sorokos, Declan Whiting, Ramin Tavakoli Kolagari and Yiannis Papadopoulos<\/td>\n<p><!-- [et_pb_line_break_holder] --><\/tr>\n<p><!-- [et_pb_line_break_holder] -->\t<\/p>\n<tr><!-- [et_pb_line_break_holder] -->\t  <\/p>\n<td>15:45 &#8211; 16:30<\/td>\n<p><!-- [et_pb_line_break_holder] -->\t  <\/p>\n<td style=\"background-color: #d6dbdf;\" align=\"center\">Break<\/td>\n<p><!-- [et_pb_line_break_holder] -->    <\/tr>\n<p><!-- [et_pb_line_break_holder] -->\t<!-- [et_pb_line_break_holder] --><\/p>\n<tr><!-- [et_pb_line_break_holder] -->  <\/p>\n<td width=\"83\">16:30 &#8211; 18:30<\/td>\n<p><!-- [et_pb_line_break_holder] -->  <\/p>\n<td style=\"background-color: #F9C8B2\" align=\"center\" width=\"540\"><strong>Paper Session 2<!\u2013- [et_pb_br_holder] -\u2013><!-- [et_pb_line_break_holder] -->   <\/strong>Chair: Kai H\u00f6fig  <\/td>\n<p><!-- [et_pb_line_break_holder] --><\/tr>\n<p><!-- [et_pb_line_break_holder] --><\/p>\n<tr><!-- [et_pb_line_break_holder] --><\/p>\n<td>16:30 &#8211; 17:00<\/td>\n<p><!-- [et_pb_line_break_holder] --><\/p>\n<td align=\"center\" style=\"background-color: #F9E0CF;\"><strong>&#8220;Reliability Evaluation of Reconfigurable NMR Architecture Supported with Hot Standby Spare: Markov Modeling and Formulation&#8221;<\/strong><!\u2013- [et_pb_br_holder] -\u2013><!-- [et_pb_line_break_holder] -->  Koorosh Aslansefat, Gholamreza Latif-Shabgahi and Mehrdad Mohammadi<\/td>\n<p><!-- [et_pb_line_break_holder] --><\/tr>\n<p><!-- [et_pb_line_break_holder] --><\/p>\n<tr><!-- [et_pb_line_break_holder] -->  <\/p>\n<td>17:00 &#8211; 17:30<\/td>\n<p><!-- [et_pb_line_break_holder] -->  <\/p>\n<td align=\"center\" style=\"background-color: #F9E0CF;\"><strong>&#8220;Branching Transitions for Semi-Markov Processes with Application to Safety-Critical Systems&#8221;<\/strong><!\u2013- [et_pb_br_holder] -\u2013><!-- [et_pb_line_break_holder] -->    Stefan Kaalen and Mattias Nyberg<\/td>\n<p><!-- [et_pb_line_break_holder] --><\/tr>\n<p><!-- [et_pb_line_break_holder] --><\/p>\n<tr><!-- [et_pb_line_break_holder] -->  <\/p>\n<td>17:30 &#8211; 18:00<\/td>\n<p><!-- [et_pb_line_break_holder] -->  <\/p>\n<td align=\"center\" style=\"background-color: #F9E0CF;\"><strong>&#8220;Optimal Scheduling of Preventive Maintenance for Safety Instrumented Systems Based on Mixed-Integer Programming&#8221;<\/strong><!\u2013- [et_pb_br_holder] -\u2013><!-- [et_pb_line_break_holder] -->    Anas Abdelkarim and Ping Zhang<\/td>\n<p><!-- [et_pb_line_break_holder] --><\/tr>\n<p><!-- [et_pb_line_break_holder] --><\/p>\n<tr><!-- [et_pb_line_break_holder] -->  <\/p>\n<td>18:00 &#8211; 18:30<\/td>\n<p><!-- [et_pb_line_break_holder] -->  <\/p>\n<td align=\"center\" style=\"background-color: #F9E0CF;\"><strong>&#8220;Counterexample Interpretation for Contract-based Design&#8221;<\/strong><!\u2013- [et_pb_br_holder] -\u2013><!-- [et_pb_line_break_holder] -->    Arut Prakash Kaleeswarn, Arne Nordmann, Thomas Vogel and Lars Grunske<\/td>\n<p><!-- [et_pb_line_break_holder] --><\/tr>\n<p><!-- [et_pb_line_break_holder] --><\/p>\n<tr><!-- [et_pb_line_break_holder] -->  <\/p>\n<td>18:30 &#8211; 21:00<\/td>\n<p><!-- [et_pb_line_break_holder] -->  <\/p>\n<td style=\"background-color: #D5C423\" align=\"center\"><pee><strong>Virtual Reception<\/strong><\/pee><\/td>\n<p><!-- [et_pb_line_break_holder] --><\/tr>\n<p><!-- [et_pb_line_break_holder] --><!-- [et_pb_line_break_holder] --><!-- [et_pb_line_break_holder] --><\/tbody>\n<p><!-- [et_pb_line_break_holder] --><\/table>\n<p>[\/et_pb_code][\/et_pb_column][\/et_pb_row][et_pb_row _builder_version=&#8221;4.0.7&#8243;][et_pb_column type=&#8221;4_4&#8243; _builder_version=&#8221;4.0.7&#8243;][et_pb_text module_id=&#8221;wednesday&#8221; _builder_version=&#8221;4.0.7&#8243;]<\/p>\n<h2 style=\"text-align: center;\">Wednesday, 16th September<\/h2>\n<p>[\/et_pb_text][et_pb_code _builder_version=&#8221;4.0.7&#8243;]\t<\/p>\n<table><!-- [et_pb_line_break_holder] --><\/p>\n<tr><!-- [et_pb_line_break_holder] --><\/p>\n<td>09:00 &#8211; 10:00<\/td>\n<p><!-- [et_pb_line_break_holder] --><\/p>\n<td style=\"background-color: #DCD987\" align=\"center\"><pee><strong>Keynote Talk <!\u2013- [et_pb_br_holder] -\u2013><!-- [et_pb_line_break_holder] -->  (joint session with <a href=\"http:\/\/safecomp2020.di.fc.ul.pt\/\" target=\"_blank\" rel=\"noopener noreferrer\">SafeComp 2020<\/a>)<\/strong><!\u2013- [et_pb_br_holder] -\u2013> <!-- [et_pb_line_break_holder] -->&#8220;Towards AI trustworthiness&#8221;<!\u2013- [et_pb_br_holder] -\u2013><!-- [et_pb_line_break_holder] -->Guillaume Soudain<\/pee><\/td>\n<p><!-- [et_pb_line_break_holder] --><\/tr>\n<p><!-- [et_pb_line_break_holder] --><\/p>\n<tr><!-- [et_pb_line_break_holder] --><\/p>\n<td>12:00 &#8211; 14:00<\/td>\n<p><!-- [et_pb_line_break_holder] --><\/p>\n<td style=\"background-color: #F9C8B2\" align=\"center\"><strong>Paper Session 3<!\u2013- [et_pb_br_holder] -\u2013><!-- [et_pb_line_break_holder] --> <\/strong>Chair: Leila Kloul<\/td>\n<p><!-- [et_pb_line_break_holder] --><\/tr>\n<p><!-- [et_pb_line_break_holder] --><\/p>\n<tr><!-- [et_pb_line_break_holder] --><\/p>\n<td>12:00 &#8211; 12:30<\/td>\n<p><!-- [et_pb_line_break_holder] --><\/p>\n<td align=\"center\" style=\"background-color: #F9E0CF;\"><strong>&#8220;Failure Mode Reasoning in Model Based Safety Analysis&#8221;<\/strong><!\u2013- [et_pb_br_holder] -\u2013><!-- [et_pb_line_break_holder] -->Hamid Jahanian, David Parker, Marc Zeller, Yannis Papadopoulos and Anna-belle McIver<\/td>\n<p><!-- [et_pb_line_break_holder] --><\/tr>\n<p><!-- [et_pb_line_break_holder] --><\/p>\n<tr><!-- [et_pb_line_break_holder] --><\/p>\n<td>12:30 &#8211; 13:00<\/td>\n<p><!-- [et_pb_line_break_holder] --><\/p>\n<td align=\"center\" style=\"background-color: #F9E0CF;\"><strong>&#8220;Property-Based Fault Injection: A Novel Approach to Model-Based Fault Injection for Safety Critical Systems&#8221;<\/strong><!\u2013- [et_pb_br_holder] -\u2013><!-- [et_pb_line_break_holder] -->Athira Varma Jayakumar and Carl Elks<\/td>\n<p><!-- [et_pb_line_break_holder] --><\/tr>\n<p><!-- [et_pb_line_break_holder] --><\/p>\n<tr><!-- [et_pb_line_break_holder] --><\/p>\n<td>13:00 &#8211; 13:30<\/td>\n<p><!-- [et_pb_line_break_holder] --><\/p>\n<td align=\"center\" style=\"background-color: #F9E0CF;\"><strong>&#8220;Model-based Error Detection for Industrial Automation Systems using LSTM Net-works&#8221;<\/strong><!\u2013- [et_pb_br_holder] -\u2013><!-- [et_pb_line_break_holder] -->Sheng Ding, Andrey Morozov, Silvia Vock, Michael Weyrich and Klaus Janschek<\/td>\n<p><!-- [et_pb_line_break_holder] --><\/tr>\n<p><!-- [et_pb_line_break_holder] --><\/p>\n<tr><!-- [et_pb_line_break_holder] --><\/p>\n<td>13:30 &#8211; 14:00<\/td>\n<p><!-- [et_pb_line_break_holder] --><\/p>\n<td align=\"center\" style=\"background-color: #F9E0CF;\"><strong>&#8220;U-Map: A reference map for safe handling of runtime uncertainties&#8221;<\/strong><!\u2013- [et_pb_br_holder] -\u2013><!-- [et_pb_line_break_holder] -->Nishanth Laxman, Chee Hung Koo and Peter Liggesmeyer<\/td>\n<p><!-- [et_pb_line_break_holder] --><\/tr>\n<p><!-- [et_pb_line_break_holder] --><\/p>\n<tbody><!-- [et_pb_line_break_holder] --><\/p>\n<tr><!-- [et_pb_line_break_holder] --><\/p>\n<td>14:00 &#8211; 14:15<\/td>\n<p><!-- [et_pb_line_break_holder] --><\/p>\n<td style=\"background-color: #d6dbdf;\" align=\"center\">Break<\/td>\n<p><!-- [et_pb_line_break_holder] --><\/tr>\n<p><!-- [et_pb_line_break_holder] --><\/p>\n<tr><!-- [et_pb_line_break_holder] --><\/p>\n<td width=\"83\">14:15 &#8211; 15:45<\/td>\n<p><!-- [et_pb_line_break_holder] --><\/p>\n<td style=\"background-color: #a9dfbf;\" align=\"center\" width=\"540\"><strong>Tutorials<!\u2013- [et_pb_br_holder] -\u2013><!-- [et_pb_line_break_holder] --> <\/strong>Chair: Yiannis Papadopoulos<\/td>\n<p><!-- [et_pb_line_break_holder] --><\/tr>\n<p><!-- [et_pb_line_break_holder] --><\/p>\n<tr><!-- [et_pb_line_break_holder] --><\/p>\n<td>14:15 &#8211; 14:45 <\/td>\n<p><!-- [et_pb_line_break_holder] --><\/p>\n<td align=\"center\" style=\"background-color: #eafaf1;\"><strong>&#8220;Finite Degradation Structures&#8221;<\/strong><!\u2013- [et_pb_br_holder] -\u2013><!-- [et_pb_line_break_holder] -->Liu Yang and Antoine Rauzy<!\u2013- [et_pb_br_holder] -\u2013><!-- [et_pb_line_break_holder] --><a href=\"http:\/\/easyconferences.eu\/imbsa2020\/wp-content\/uploads\/2020\/09\/Finite-Degradation-Structures.pdf\">Tutorial information<\/a><\/td>\n<p><!-- [et_pb_line_break_holder] --><\/tr>\n<p><!-- [et_pb_line_break_holder] --><\/p>\n<tr><!-- [et_pb_line_break_holder] --><\/p>\n<td>14:45 &#8211; 15:15<\/td>\n<p><!-- [et_pb_line_break_holder] --><\/p>\n<td align=\"center\" style=\"background-color: #eafaf1;\"><strong>&#8220;Safety Analysis and Requirements Allocation for Software Product Lines&#8221;<\/strong><!\u2013- [et_pb_br_holder] -\u2013><!-- [et_pb_line_break_holder] -->Andr\u00e9 L. de Oliveira<!\u2013- [et_pb_br_holder] -\u2013><!-- [et_pb_line_break_holder] --><a href=\"http:\/\/easyconferences.eu\/imbsa2020\/wp-content\/uploads\/2020\/09\/Safety-Analysis-and-Requirements-Allocation-for-Software-Product-Lines.pdf\">Tutorial information<\/a><\/td>\n<p><!-- [et_pb_line_break_holder] --><\/tr>\n<p><!-- [et_pb_line_break_holder] --><\/p>\n<tr><!-- [et_pb_line_break_holder] --><\/p>\n<td>15:15 &#8211; 15:45<\/td>\n<p><!-- [et_pb_line_break_holder] --><\/p>\n<td style=\"background-color: #D5C423\" align=\"center\"><pee><strong>Closing Session<\/strong><\/pee><\/td>\n<p><!-- [et_pb_line_break_holder] --><\/tr>\n<p><!-- [et_pb_line_break_holder] --><!-- [et_pb_line_break_holder] --><!-- [et_pb_line_break_holder] --><\/tbody>\n<p><!-- [et_pb_line_break_holder] --><\/table>\n<p>[\/et_pb_code][\/et_pb_column][\/et_pb_row][\/et_pb_section]<\/p>\n","protected":false},"excerpt":{"rendered":"<p>Program All times depicted below are in Central European Summer Time (CEST)\u00a0Monday, 14th SeptemberTuesday, 15th SeptemberWednesday, 16th September<\/p>\n","protected":false},"author":1,"featured_media":0,"parent":0,"menu_order":0,"comment_status":"closed","ping_status":"closed","template":"","meta":{"_et_pb_use_builder":"on","_et_pb_old_content":"","_et_gb_content_width":""},"_links":{"self":[{"href":"https:\/\/easyconferences.eu\/imbsa2020\/wp-json\/wp\/v2\/pages\/18"}],"collection":[{"href":"https:\/\/easyconferences.eu\/imbsa2020\/wp-json\/wp\/v2\/pages"}],"about":[{"href":"https:\/\/easyconferences.eu\/imbsa2020\/wp-json\/wp\/v2\/types\/page"}],"author":[{"embeddable":true,"href":"https:\/\/easyconferences.eu\/imbsa2020\/wp-json\/wp\/v2\/users\/1"}],"replies":[{"embeddable":true,"href":"https:\/\/easyconferences.eu\/imbsa2020\/wp-json\/wp\/v2\/comments?post=18"}],"version-history":[{"count":14,"href":"https:\/\/easyconferences.eu\/imbsa2020\/wp-json\/wp\/v2\/pages\/18\/revisions"}],"predecessor-version":[{"id":411,"href":"https:\/\/easyconferences.eu\/imbsa2020\/wp-json\/wp\/v2\/pages\/18\/revisions\/411"}],"wp:attachment":[{"href":"https:\/\/easyconferences.eu\/imbsa2020\/wp-json\/wp\/v2\/media?parent=18"}],"curies":[{"name":"wp","href":"https:\/\/api.w.org\/{rel}","templated":true}]}}